me factors of 437495212?
2, 7, 11, 257, 5527
What are the prime factors of 49035955?
5, 29, 31, 10909
List the prime factors of 276001461.
3, 30666829
What are the prime factors of 38859791?
71, 547321
List the prime factors of 3208011499.
7, 11, 73, 570719
List the prime factors of 104862057.
3, 29, 31, 59, 659
What are the prime factors of 435214321?
61, 7134661
What are the prime factors of 1386782556?
2, 3, 113, 1022701
What are the prime factors of 4340621138?
2, 7, 310044367
List the prime factors of 98400732.
2, 3, 8200061
What are the prime factors of 80664338?
2, 40332169
List the prime factors of 65101559.
65101559
List the prime factors of 4169118107.
7, 11, 7734913
List the prime factors of 4736243111.
8623, 549257
What are the prime factors of 119887316?
2, 23, 73, 17851
List the prime factors of 593077459.
13, 1021, 44683
List the prime factors of 812914609.
13, 61, 1025113
What are the prime factors of 409609973?
409609973
What are the prime factors of 7825804?
2, 7, 277, 1009
List the prime factors of 8369962320.
2, 3, 5, 34874843
List the prime factors of 506000013.
3, 67, 1553, 1621
What are the prime factors of 102793658?
2, 11, 71, 65809
What are the prime factors of 1147964328?
2, 3, 7, 569, 4003
List the prime factors of 1897568.
2, 19, 3121
What are the prime factors of 52020911?
52020911
What are the prime factors of 133291746?
2, 3, 7, 619, 1709
List the prime factors of 120603157.
120603157
List the prime factors of 66714860.
2, 5, 3335743
List the prime factors of 40171910.
2, 5, 4017191
What are the prime factors of 143271924?
2, 3, 569, 20983
What are the prime factors of 34878171?
3, 3167, 3671
List the prime factors of 1856499221.
20887, 88883
List the prime factors of 49790339.
49790339
What are the prime factors of 4931950063?
4271, 1154753
What are the prime factors of 3588503616?
2, 3, 17, 29, 12637
List the prime factors of 59125619.
7, 8446517
List the prime factors of 582683505.
3, 5, 38845567
List the prime factors of 46627072.
2, 23, 7919
What are the prime factors of 351083076?
2, 3, 29256923
List the prime factors of 22686797.
7, 3240971
List the prime factors of 47585411.
337, 419
What are the prime factors of 264211909?
13, 17, 43, 27803
List the prime factors of 214594947.
3, 7, 277, 4099
What are the prime factors of 190806458?
2, 95403229
List the prime factors of 298154343.
3, 83, 1197407
What are the prime factors of 97115725?
5, 7, 269, 2063
List the prime factors of 911680557.
3, 239, 1271521
What are the prime factors of 7809408471?
3, 2603136157
What are the prime factors of 840977134?
2, 4789, 87803
What are the prime factors of 26588299?
23, 1156013
List the prime factors of 136009747.
136009747
What are the prime factors of 57095057?
19, 191, 15733
What are the prime factors of 2291011108?
2, 19, 30144883
What are the prime factors of 139032407?
139032407
What are the prime factors of 239284079?
239284079
What are the prime factors of 3023202257?
79, 151, 253433
What are the prime factors of 1816190975?
5, 23, 29, 108917
List the prime factors of 185314538.
2, 92657269
List the prime factors of 84979261.
71, 1196891
List the prime factors of 3980349033.
3, 1297, 1022963
List the prime factors of 2205139940.
2, 5, 110256997
What are the prime factors of 2034509?
17, 119677
List the prime factors of 2996873504.
2, 23, 89, 45751
What are the prime factors of 96345486?
2, 3, 149, 35923
What are the prime factors of 573617369?
13, 149, 296137
List the prime factors of 119913274.
2, 13, 17, 41, 509
List the prime factors of 1290151340.
2, 5, 6949, 9283
List the prime factors of 1185548529.
3, 11, 19, 1890827
What are the prime factors of 54134507?
7, 7733501
List the prime factors of 438326731.
1979, 221489
What are the prime factors of 880775884?
2, 220193971
What are the prime factors of 450244782?
2, 3, 13, 61, 31543
List the prime factors of 345426032.
2, 7, 353, 8737
What are the prime factors of 3929186678?
2, 191, 10285829
What are the prime factors of 84004111?
19, 1523, 2903
List the prime factors of 189367401.
3, 63122467
What are the prime factors of 124780223?
269, 463867
List the prime factors of 65643801.
3, 269, 81343
List the prime factors of 42191826.
2, 3, 907, 7753
List the prime factors of 35864016.
2, 3, 17, 43951
What are the prime factors of 2402191590?
2, 3, 5, 61, 1312673
List the prime factors of 101866856.
2, 7, 13, 17, 8231
List the prime factors of 1811910318.
2, 3, 301985053
What are the prime factors of 1476174812?
2, 7, 52720529
What are the prime factors of 615568273?
103, 521, 11471
List the prime factors of 2492506729.
2492506729
What are the prime factors of 2413669324?
2, 11, 54856121
What are the prime factors of 398991869?
41, 9731509
List the prime factors of 40846807.
47, 869081
What are the prime factors of 395564331?
3, 131854777
What are the prime factors of 35396781?
3, 7, 47, 35863
What are the prime factors of 99714489?
3, 7, 19, 249911
List the prime factors of 546447324.
2, 3, 45537277
What are the prime factors of 2709273716?
2, 53, 79, 83, 1949
What are the prime factors of 17900317?
17900317
What are the prime factors of 57133083?
3, 7, 2720623
List the prime factors of 272867558.
2, 137, 677, 1471
What are the prime factors of 18644642?
2, 727, 12823
What are the prime factors of 32457209?
23, 1411183
List the prime factors of 145697299.
11, 107, 123787
What are the prime factors of 82920705?
3, 5, 7, 789721
List the prime factors of 1410775160.
2, 5, 1321, 26699
List the prime factors of 446984856.
2, 3, 1979, 3137
List the prime factors of 137927995.
5, 53, 277, 1879
What are the prime factors of 921641510?
2, 5, 23, 37, 108301
What are the prime factors of 262188675?
3, 5, 7, 61, 2729
List the prime factors of 920279556.
2, 3, 7, 405767
What are the prime factors of 1239105096?
2, 3, 211, 81563
List the prime factors of 1016606715.
3, 5, 17, 31, 128603
What are the prime factors of 88926104?
2, 31, 358573
What are the prime factors of 4036643325?
3, 5, 11, 13, 109, 1151
List the prime factors of 2920588086.
2, 3, 13, 29, 1291153
List the prime factors of 2806943203.
2806943203
What are the prime factors of 542384191?
542384191
What are the prime factors of 5205123377?
29, 613, 292801
What are the prime factors of 197284553?
61, 113, 28621
List the prime factors of 81932917.
11, 29, 101, 2543
What are the prime factors of 426233668?
2, 7, 15222631
List the prime factors of 129302354.
2, 257, 251561
What are the prime factors of 559186493?
559186493
List the prime factors of 470753029.
23, 20467523
What are the prime factors of 186560942?
2, 93280471
What are the prime factors of 15696170?
2, 5, 7, 103, 311
List the prime factors of 147451838.
2, 1721, 42839
What are the prime factors of 7889398626?
2, 3, 7121, 184651
What are the prime factors of 3439366197?
3, 113, 433, 23431
What are the prime factors of 35007168?
2, 3, 7, 61
List the prime factors of 2522404412.
2, 11, 61, 939793
What are the prime factors of 543184159?
7, 1907, 5813
List the prime factors of 98181706.
2, 7, 7012979
List the prime factors of 2595985894.
2, 157, 8267471
What are the prime factors of 426642614?
2, 213321307
What are the prime factors of 206876720?
2, 5, 23, 29, 3877
What are the prime factors of 61263278?
2, 47, 107, 6091
List the prime factors of 71661199.
229, 312931
List the prime factors of 362823952.
2, 22676497
What are the prime factors of 1901004474?
2, 3, 316834079
List the prime factors of 45272114.
2, 22636057
What are the prime factors of 5885087041?
5885087041
What are the prime factors of 532802825?
5, 21312113
What are the prime factors of 731571749?
731571749
List the prime factors of 13929906.
2, 3, 719, 3229
List the prime factors of 19762865.
5, 23, 171851
What are the prime factors of 454804945?
5, 7, 12994427
What are the prime factors of 1356183368?
2, 19, 8922259
What are the prime factors of 149170814?
2, 13, 1289, 4451
What are the prime factors of 5239433578?
2, 19, 137879831
List the prime factors of 690379760.
2, 5, 7, 1013, 1217
What are the prime factors of 183014482?
2, 7, 1297, 10079
List the prime factors of 14477959.
277, 52267
List the prime factors of 1090427557.
59, 1951, 9473
What are the prime factors of 36691688